{"id":1207,"date":"2021-05-19T08:45:56","date_gmt":"2021-05-19T07:45:56","guid":{"rendered":"https:\/\/parrocchiamoltrasio.it\/sito\/?page_id=1207"},"modified":"2021-05-28T10:20:41","modified_gmt":"2021-05-28T09:20:41","slug":"linee-guida","status":"publish","type":"page","link":"https:\/\/parrocchiamoltrasio.it\/sito\/?page_id=1207","title":{"rendered":"Linee Guida e Progetto Educativo"},"content":{"rendered":"\n<p>Il Grest e, pi\u00f9 in generale, tutte le attivit\u00e0 della Parrocchia sono <strong>una macchina davvero grande<\/strong>, necessaria di moltissimi ingranaggi perch\u00e9 tutto possa <strong>funzionare per il meglio<\/strong>. Per gestire questi ingranaggi servono delle <strong>regole ben precise<\/strong>, soprattutto quando si \u00e8 in tanti, soprattutto in un anno come questo!<\/p>\n\n\n\n<p><strong>Vi invitiamo, quindi, a prendere visione delle linee guida e del progetto educativo essenziali per iscriversi, partecipare e vivere bene questa Estate 2021!<\/strong><\/p>\n\n\n\n<h4 class=\"wp-block-heading\"><strong>INTRODUZIONE E OBIETTIVI EDUCATIVI:<\/strong><\/h4>\n\n\n\n<p><em><strong>Le finalit\u00e0:<\/strong><\/em><\/p>\n\n\n\n<p>Come da tradizione torna l\u2019estate ragazzi in un\u2019esperienza che vuole coinvolgere il pi\u00f9 possibile: giocheremo per le vie del paese, abiteremo le piazze, le strade saranno non solo luogo di passaggio, ma anche di incontro coinvolgendo il pi\u00f9 possibile. Dopo tanto i cancelli dell\u2019oratorio saranno finalmente aperti e sar\u00e0 gioia poter essere insieme e ri-giocare questa Estate 2021.<\/p>\n\n\n\n<p><strong><em>Gli obiettivi educativi:<\/em><\/strong><\/p>\n\n\n\n<ol class=\"wp-block-list\" id=\"block-e2edc3eb-98b3-41e8-b3c9-d58438da83a2\"><li>Riconnettere le giovani generazioni con la vita e con la realt\u00e0, fuori dalle mura della propria casa, attraverso l\u2019esperienza e la narrazione;<\/li><li>Riappropriarsi della propria storia, condividendo emozioni e apprendimenti di questi mesi trascorsi lontani, o meglio, a distanza;<\/li><li>Restituire la fiducia nei legami familiari, amicali e comunitari;<\/li><li>Riscoprire il territorio da cui si \u00e8 stati lontani per guardarlo con occhi e sogni nuovi perch\u00e9 l\u2019estate sia germe di futuro;<\/li><li>Continuare a scoprire la bellezza delle piccole cose anche in un mondo pi\u00f9 grande attraverso una famiglia allargata (la comunit\u00e0);<\/li><li>Costruire un modo nuovo di prendersi cura, attraverso la costruzione di una \u201crete sociale\u201d che si concretizzi nella presenza corresponsabile di pi\u00f9 figure e agenzie educative, nella gestione e nella proposta di attivit\u00e0 ed esperienze.<\/li><\/ol>\n\n\n\n<p><br><strong><em>Il tema e l&#8217;ambientazione:<\/em><\/strong><\/p>\n\n\n\n<p class=\"has-text-align-right\"><em> \u00abGli Stati parti riconoscono al fanciullo il diritto al riposo e al tempo libero, a dedicarsi al gioco e ad attivit\u00e0 ricreative proprie della sua et\u00e0 e a partecipare liberamente alla vita culturale ed artistica\u00bb<br>Articolo 31, Convenzione sui diritti dell\u2019infanzia e dell\u2019adolescenza<\/em><\/p>\n\n\n\n<p>Il<span style=\"text-decoration: underline;\"> GIOCO<\/span> sar\u00e0 il tema che accompagner\u00e0 l\u2019esperienza estiva. Perch\u00e9 il tema del gioco?<br>Innanzitutto il gioco \u00e8 qualcosa di unico che permette a bambini e adulti di ritagliarsi del tempo. \u00c8 esperienza essenziale della vita. Giocare permette all\u2019uomo di riconoscersi come tale, in una dinamica coinvolgente che traccia autentici principi valoriali, in relazione con altri. Vogliamo riscoprire la bellezza dello stare insieme e collaborare, di giocare divertendoci ma rispettando le regole, di vivere un gioco che sia in spazi diversi dall\u2019abitudine, di stare insieme a giocare semplicemente per il gusto di esserci tutti. In questa reciprocit\u00e0, bambini, preadolescenti, adolescenti, giovani e anche adulti sperimentano un basilare incontro cognitivo e sociale, in cui testano la conoscenza di s\u00e9 stessi, dei propri limiti e la bellezza della collaborazione. In questo modo \u00e8 chiaro come gli altri individui siano necessari, soprattutto al fine del gioco e della possibilit\u00e0 di immedesimarci e misurarci in un ruolo. Per diventare noi stessi, abbiamo bisogno di chi ci accompagna in questo percorso, in ruoli amicali e\/o antagonisti, perch\u00e9 non diventiamo pienamente uomini e donne se non in relazione ad altri.<br>La determinazione del ruolo permette di farsi promotore di creativit\u00e0 e di atteggiamenti che sottendono regole e norme, necessarie per vivere il gioco con gioia. Quando giochiamo, viviamo pertanto una sensazione di felicit\u00e0, che \u00e8 tale se il gioco \u00e8 animato dalla gratuit\u00e0, essenza del farsi prossimo e atteggiamento proprio del credente.<br>Il gioco \u00e8 dunque una cosa seria che ci chiama in causa come adulti, i quali devono valorizzare, sostenere, tutelare e promuovere il gioco in quanto esperienza fondamentale per bambini, preadolescenti, adolescenti o giovani che crescono.<\/p>\n\n\n\n<h5 class=\"wp-block-heading\">PROGETTO<\/h5>\n\n\n\n<p>Il progetto prevede di realizzare alcuni servizi per la cura e la gestione dei bambini da 6 ai 17 anni.<br><br><span style=\"text-decoration: underline;\">Il progetto \u00e8 suddiviso in 3 attivit\u00e0 che si susseguono, seguendo i tempi dell\u2019estate:<\/span><\/p>\n\n\n\n<ol class=\"wp-block-list\"><li><strong><span style=\"text-decoration: underline;\">ORATORIO ESTIVO: <\/span><\/strong>Prevede la realizzazione di un servizio educativo presso Oratorio di Moltrasio i destinatari sono i bambini dai 6 ai 17 anni. Il centro estivo vuole essere un aiuto alle famiglie nella gestione famigliare durante il periodo estivo e vuole essere per i bambini uno spazio di gioco, divertimento e recupero della socialit\u00e0. <br><strong><span style=\"text-decoration: underline;\">Si svolger\u00e0 dal 9 giugno al 2 luglio 2021 dal luned\u00ec al venerd\u00ec dalle ore 8 alle ore 17.<\/span><\/strong><\/li><li><strong><span style=\"text-decoration: underline;\">SETTEMBREMIX:<\/span><\/strong> Con le stesse prerogative e con gli stessi obiettivi dell\u2019oratorio estivo si pensa ad un momento simile prima dell\u2019inizio dell\u2019anno scolastico. <br><strong><span style=\"text-decoration: underline;\">Si svolger\u00e0 dal 6 al 10 settembre 2021 dal luned\u00ec al venerd\u00ec dalle ore 8 alle ore 17.<\/span><\/strong><\/li><li><strong><span style=\"text-decoration: underline;\">DOPOSCUOLA:<\/span><\/strong> Obiettivo del doposcuola \u00e8 quello di essere supporto e sostegno alle famiglie durante il primo periodo scolastico. L\u2019oratorio si offre di offrire i propri spazi e le proprie risorse educative per sostenere i bambini che necessitano di aiuto e supporto nello studio e nello svolgimento dei compiti. <br><strong><span style=\"text-decoration: underline;\">Si svolger\u00e0 nei giorni 31 maggio, 1-3-4-7-8 giugno e dal 13 al 17 settembre dalle ore 12:30 alle ore 16.<\/span><\/strong><\/li><\/ol>\n\n\n\n<p>Come si evince dalle proposte concrete del progetto l\u2019oratorio vuole essere un supporto alle famiglie del territorio comunale perch\u00e9 possano condividere con la parrocchia la responsabilit\u00e0 educativa e possano sentirsi sostenuti in questo periodo dove spesso la gestione famigliare pu\u00f2 risultare complessa.<\/p>\n\n\n\n<p>Queste tre proposte sono poi integrate con le proposte realizzate dagli altri Enti PARTNER, come ad esempio il comune, con lo scopo di garantire alle famiglie e alla popolazione del territorio comunale una continuit\u00e0 educativa e un servizio sempre attivo.<\/p>\n\n\n\n<h4 class=\"wp-block-heading\"><strong>SPECIFICHE DEL PROGETTO:<\/strong><\/h4>\n\n\n\n<p>Per ogni attivit\u00e0 si prevede la suddivisione dei partecipanti in gruppi- Questi gruppi verranno trattati secondo il modello dell\u2019isola, cio\u00e8 si eviter\u00e0 qualsiasi tipo di contatto tra i diversi partecipanti di gruppi differenti.<br>Nel rispetto dei protocolli governativi di prevenzione e contrasto al Covid-19, \u00e8 stato disposto un numero massimo di partecipanti sulla base dello spazio esterno ed interno a disposizione nei vari luoghi parrocchiali: abbiamo a disposizione 40 posti per ogni settimana di attivit\u00e0. Questi 40 partecipanti verranno divisi in 4 gruppi da 10 partecipanti ciascuno. I gruppetti verranno formati seguendo le disposizioni dei DPCM di riferimento alle attivit\u00e0 socio-educative.<\/p>\n\n\n\n<p><strong>I TEMPI<\/strong><\/p>\n\n\n\n<p>Ogni attivit\u00e0 avr\u00e0 degli specifici tempi di entrata e di uscita.<br>A seconda della proposta verranno comunicati ai partecipanti gli orari di entrata e di uscita a seconda dei turni e dei gruppi di appartenenza in modo da evitare assembramenti.<\/p>\n\n\n\n<ul class=\"wp-block-list\"><li><strong><span style=\"text-decoration: underline;\">ORATORIO ESTIVO<\/span>:<\/strong> si svolger\u00e0 dal 9 giugno al 2 luglio 2021 dal luned\u00ec al venerd\u00ec dalle ore 8 alle ore 17.<\/li><li><span style=\"text-decoration: underline;\"><strong>SETTEMBREMIX<\/strong><\/span>: si svolger\u00e0 dal 6 al 10 settembre 2021 dal luned\u00ec al venerd\u00ec dalle ore 8 alle ore 17.<\/li><li><span style=\"text-decoration: underline;\"><strong>DOPOSCUOLA<\/strong><\/span>: si svolger\u00e0 nei giorni: 31 maggio, 1-3-4-7-8 giugno e dal 13 al 17 settembre dalle ore 12:30 alle ore 16.<\/li><\/ul>\n\n\n\n<p>Si propone qui la programmazione di una giornata tipica dell\u2019ORATORIO ESTIVO. Da questo modello verranno poi estrapolate quelle per le altre attivit\u00e0.<\/p>\n\n\n\n<p><strong>PROGRAMMAZIONE DELL&#8217;ORATORIO ESTIVO<\/strong><br><br>Forniamo di seguito un programma giornaliero di massima:<\/p>\n\n\n\n<ul class=\"wp-block-list\"><li>DALLE ORE 8 ALLE ORE 8.30 : ACCOGLIENZA E TRIAGE<\/li><li>ORE 8.30 &#8211; 9 : SALUTI, AVVISI, INNO E BANS<\/li><li>DALLE ORE 9 ALLE ORE 11.45 : PASSEGGIATA PER LE VIE DI MOLTRASIO \/ GIOCHI \/ AIUTO COMPITI \/ TORNEI<\/li><li>DALLE ORE 12 ALLE ORE 14: PAUSA PRANZO E GIOCO LIBERO<\/li><li>DALLE ORE 14 ALLE ORE 14.30 : RIFLESSIONE E PREGHIERA<\/li><li>DALLE ORE 14.30 ALLE ORE 15.30: LAB E ATTIVITA\u2019 ESPERIENZIALI<\/li><li>FINO ALLE ORE 16: MERENDA<\/li><li>DALLE ORE 16 ALLE ORE 16.30 : BANS, INNO E AVVISI<\/li><\/ul>\n\n\n\n<p><strong>GLI SPAZI<\/strong><\/p>\n\n\n\n<p>Gli spazi messi a disposizione sono quelli dell\u2019oratorio:<\/p>\n\n\n\n<ul class=\"wp-block-list\"><li>Il teatro-salone<\/li><li>Le aule<\/li><li>Il terrazzo<\/li><li>I campi<br><\/li><\/ul>\n\n\n\n<p>Ogni spazio sar\u00e0 adeguatamente sanificato e predisposto affinch\u00e9 un numero congruo a seconda delle norme di sicurezza possa accedervi.<br>Ogni squadra (gruppo-isola) avr\u00e0 un\u2019aula dedicata e uno spazio esterno in cui giocare senza incontrare gli altri gruppi. Viene poi predisposto che ogni settimana \u00e8 prevista una gita (passeggiata) sul territorio con pranzo al sacco. <br>Sono previsti anche giochi e brevi passeggiate all\u2019interno del paese nelle sue varie frazioni e nelle piazze.<br>Negli spazi interni ed esterni dell\u2019oratorio sono ammesse esclusivamente le persone autorizzate, tutte debitamente sottoposte a triage.<br>Nei giorni delle attivit\u00e0 gli ambienti dell\u2019oratorio saranno chiusi, pertanto ne \u00e8 vietato l\u2019accesso a qualsiasi persona non autorizzata.<\/p>\n\n\n\n<p><strong>I COSTI<\/strong><\/p>\n\n\n\n<figure class=\"wp-block-table is-style-regular\"><table class=\"has-subtle-light-gray-background-color has-background\"><thead><tr><th><\/th><th class=\"has-text-align-center\" data-align=\"center\">1<br>SETTIMANA<\/th><th class=\"has-text-align-center\" data-align=\"center\">2<br>SETTIMANE<\/th><th class=\"has-text-align-center\" data-align=\"center\">3<br>SETTIMANE<\/th><th class=\"has-text-align-center\" data-align=\"center\">4<br>SETTIMANE<\/th><\/tr><\/thead><tbody><tr><td><strong>1 RAGAZZO<\/strong><\/td><td class=\"has-text-align-center\" data-align=\"center\">35\u20ac<\/td><td class=\"has-text-align-center\" data-align=\"center\">60\u20ac<\/td><td class=\"has-text-align-center\" data-align=\"center\">90\u20ac<\/td><td class=\"has-text-align-center\" data-align=\"center\">110\u20ac<\/td><\/tr><tr><td><strong>2 FRATELLI<\/strong><\/td><td class=\"has-text-align-center\" data-align=\"center\">60\u20ac<\/td><td class=\"has-text-align-center\" data-align=\"center\">90\u20ac<\/td><td class=\"has-text-align-center\" data-align=\"center\">120\u20ac<\/td><td class=\"has-text-align-center\" data-align=\"center\">160\u20ac<\/td><\/tr><tr><td><strong>3 + FRATELLI<\/strong><\/td><td class=\"has-text-align-center\" data-align=\"center\">70\u20ac<\/td><td class=\"has-text-align-center\" data-align=\"center\">110\u20ac<\/td><td class=\"has-text-align-center\" data-align=\"center\">140\u20ac<\/td><td class=\"has-text-align-center\" data-align=\"center\">200\u20ac<\/td><\/tr><\/tbody><\/table><\/figure>\n\n\n\n<p>Il PRANZO non \u00e8 obbligatorio, per chi vuole aderire la quota \u00e8 di<strong> \u20ac 5 a pasto<\/strong> da versare la mattina stessa all\u2019arrivo.<br><br><strong>DOPOSCUOLA<\/strong><\/p>\n\n\n\n<p><strong>\u20ac 5 a pasto<\/strong> con possibilit\u00e0 di lasciare <em>un\u2019offerta libera<\/em> pro oratorio.<\/p>\n\n\n\n<h4 class=\"wp-block-heading\"><strong>NOTE TECNICHE E ORGANIZZATIVE<\/strong><\/h4>\n\n\n\n<p>Le attivit\u00e0 saranno svolte rispettando le indicazioni anti-covid contenute nelle Linee guida di centri estivi e servizi educativi redatte dal Dipartimento per le politiche della famiglia nel mese di maggio 2020, che prevedono tra l\u2019altro:<\/p>\n\n\n\n<p>\u2022 l\u2019uso della mascherina<br>\u2022 l\u2019igiene delle mani attraverso specifici gel<br>\u2022 il distanziamento fisico di almeno 1 metro tra una persona e l\u2019altra<br>\u2022 il divieto di giochi di contatto fisico<\/p>\n\n\n\n<p>Il primo giorno di presenza, all\u2019arrivo in oratorio, e ogni primo giorno della settimana, bambini e ragazzi dovranno presentarsi alla zona di triage, dove consegneranno l\u2019autocertificazione firmata dal genitore in cui si dichiara che il soggetto non presenta sintomi influenzali, non ha avuto contatti con persone positive al Sars-Cov-2 e non \u00e8 sottoposto a regime di quarantena (vedi sezione <a href=\"https:\/\/parrocchiamoltrasio.it\/sito\/?page_id=1227\" data-type=\"page\" data-id=\"1227\">MODULISICA <\/a>del sito).<br>L\u2019autocertificazione ha valore probatorio.<br>Dopo essersi registrato, il bambino\/ragazzo sar\u00e0 tenuto a disinfettarsi le mani con apposito gel igienizzante e a recarsi nella zona indicata dagli educatori, mantenendo sempre la distanza di sicurezza di 1 metro.<br>Si raccomanda di indossare scarpe e vestiti comodi, adatti anche a passeggiate. Si consiglia inoltre di avere con s\u00e9 uno zainetto e una borraccia; ad ogni partecipante sar\u00e0 consegnata la merenda, adeguatamente sigillata.<\/p>\n\n\n\n<p>Data la particolare delicatezza del presente momento storico, e tenendo fermo il principio della custodia del benessere collettivo, l\u2019Oratorio (nella figura del Coordinatore e del Parroco) si riserva la possibilit\u00e0 di sospendere temporaneamente o permanentemente la presenza di bambini\/ragazzi\/adolescenti all\u2019esperienza estiva qualora la loro condotta dovesse risultare potenzialmente pericolosa per gli altri, impossibile da gestire o in aperto contrasto con la natura e le finalit\u00e0 del progetto.<br>Eventuali cambiamenti e\/o integrazioni nelle disposizioni e nella modulistica saranno comunicati tempestivamente attraverso WhatsApp, sito internet e social.<\/p>\n\n\n\n<div class=\"wp-block-file\"><a href=\"https:\/\/parrocchiamoltrasio.it\/sito\/wp-content\/uploads\/2021\/05\/GREST-2021_-Lineeguida_e_progetto.pdf\" target=\"_blank\" rel=\"noreferrer noopener\">Stampa o scarica GREST 2021_ Lineeguida_e_progetto<\/a><a href=\"https:\/\/parrocchiamoltrasio.it\/sito\/wp-content\/uploads\/2021\/05\/GREST-2021_-Lineeguida_e_progetto.pdf\" class=\"wp-block-file__button\" download>Download <\/a><\/div>\n\n\n\n<p><\/p>\n","protected":false},"excerpt":{"rendered":"<p>Il Grest e, pi\u00f9 in generale, tutte le attivit\u00e0 della Parrocchia sono una macchina davvero grande, necessaria di moltissimi ingranaggi perch\u00e9 tutto possa funzionare per il meglio. Per gestire questi ingranaggi servono delle regole ben precise, soprattutto quando si \u00e8 in tanti, soprattutto in un anno come questo! Vi invitiamo,&#8230;<\/p>\n<p class=\"continue-reading-button\"> <a class=\"continue-reading-link\" href=\"https:\/\/parrocchiamoltrasio.it\/sito\/?page_id=1207\">Leggi tutto<i class=\"crycon-right-dir\"><\/i><\/a><\/p>\n","protected":false},"author":1,"featured_media":0,"parent":1220,"menu_order":0,"comment_status":"closed","ping_status":"closed","template":"","meta":{"_EventAllDay":false,"_EventTimezone":"","_EventStartDate":"","_EventEndDate":"","_EventStartDateUTC":"","_EventEndDateUTC":"","_EventShowMap":false,"_EventShowMapLink":false,"_EventURL":"","_EventCost":"","_EventCostDescription":"","_EventCurrencySymbol":"","_EventCurrencyCode":"","_EventCurrencyPosition":"","_EventDateTimeSeparator":"","_EventTimeRangeSeparator":"","_EventOrganizerID":[],"_EventVenueID":[],"_OrganizerEmail":"","_OrganizerPhone":"","_OrganizerWebsite":"","_VenueAddress":"","_VenueCity":"","_VenueCountry":"","_VenueProvince":"","_VenueState":"","_VenueZip":"","_VenuePhone":"","_VenueURL":"","_VenueStateProvince":"","_VenueLat":"","_VenueLng":"","_VenueShowMap":false,"_VenueShowMapLink":false,"footnotes":""},"class_list":["post-1207","page","type-page","status-publish","hentry"],"yoast_head":"<!-- This site is optimized with the Yoast SEO plugin v25.0 - https:\/\/yoast.com\/wordpress\/plugins\/seo\/ -->\n<title>Linee Guida e Progetto Educativo -<\/title>\n<meta name=\"robots\" content=\"index, follow, max-snippet:-1, max-image-preview:large, max-video-preview:-1\" \/>\n<link rel=\"canonical\" href=\"https:\/\/parrocchiamoltrasio.it\/sito\/?page_id=1207\" \/>\n<meta property=\"og:locale\" content=\"it_IT\" \/>\n<meta property=\"og:type\" content=\"article\" \/>\n<meta property=\"og:title\" content=\"Linee Guida e Progetto Educativo -\" \/>\n<meta property=\"og:description\" content=\"Il Grest e, pi\u00f9 in generale, tutte le attivit\u00e0 della Parrocchia sono una macchina davvero grande, necessaria di moltissimi ingranaggi perch\u00e9 tutto possa funzionare per il meglio. Per gestire questi ingranaggi servono delle regole ben precise, soprattutto quando si \u00e8 in tanti, soprattutto in un anno come questo! Vi invitiamo,... Leggi tutto\" \/>\n<meta property=\"og:url\" content=\"https:\/\/parrocchiamoltrasio.it\/sito\/?page_id=1207\" \/>\n<meta property=\"article:modified_time\" content=\"2021-05-28T09:20:41+00:00\" \/>\n<meta name=\"twitter:card\" content=\"summary_large_image\" \/>\n<meta name=\"twitter:label1\" content=\"Tempo di lettura stimato\" \/>\n\t<meta name=\"twitter:data1\" content=\"8 minuti\" \/>\n<script type=\"application\/ld+json\" class=\"yoast-schema-graph\">{\"@context\":\"https:\/\/schema.org\",\"@graph\":[{\"@type\":\"WebPage\",\"@id\":\"https:\/\/parrocchiamoltrasio.it\/sito\/?page_id=1207\",\"url\":\"https:\/\/parrocchiamoltrasio.it\/sito\/?page_id=1207\",\"name\":\"Linee Guida e Progetto Educativo -\",\"isPartOf\":{\"@id\":\"https:\/\/parrocchiamoltrasio.it\/sito\/#website\"},\"datePublished\":\"2021-05-19T07:45:56+00:00\",\"dateModified\":\"2021-05-28T09:20:41+00:00\",\"breadcrumb\":{\"@id\":\"https:\/\/parrocchiamoltrasio.it\/sito\/?page_id=1207#breadcrumb\"},\"inLanguage\":\"it-IT\",\"potentialAction\":[{\"@type\":\"ReadAction\",\"target\":[\"https:\/\/parrocchiamoltrasio.it\/sito\/?page_id=1207\"]}]},{\"@type\":\"BreadcrumbList\",\"@id\":\"https:\/\/parrocchiamoltrasio.it\/sito\/?page_id=1207#breadcrumb\",\"itemListElement\":[{\"@type\":\"ListItem\",\"position\":1,\"name\":\"Home\",\"item\":\"https:\/\/parrocchiamoltrasio.it\/sito\"},{\"@type\":\"ListItem\",\"position\":2,\"name\":\"Oratori SST\",\"item\":\"https:\/\/parrocchiamoltrasio.it\/sito\/?page_id=211\"},{\"@type\":\"ListItem\",\"position\":3,\"name\":\"Archivio\",\"item\":\"https:\/\/parrocchiamoltrasio.it\/sito\/?page_id=2266\"},{\"@type\":\"ListItem\",\"position\":4,\"name\":\"GREST 2021\",\"item\":\"https:\/\/parrocchiamoltrasio.it\/sito\/?page_id=1220\"},{\"@type\":\"ListItem\",\"position\":5,\"name\":\"Linee Guida e Progetto Educativo\"}]},{\"@type\":\"WebSite\",\"@id\":\"https:\/\/parrocchiamoltrasio.it\/sito\/#website\",\"url\":\"https:\/\/parrocchiamoltrasio.it\/sito\/\",\"name\":\"\",\"description\":\"\",\"potentialAction\":[{\"@type\":\"SearchAction\",\"target\":{\"@type\":\"EntryPoint\",\"urlTemplate\":\"https:\/\/parrocchiamoltrasio.it\/sito\/?s={search_term_string}\"},\"query-input\":{\"@type\":\"PropertyValueSpecification\",\"valueRequired\":true,\"valueName\":\"search_term_string\"}}],\"inLanguage\":\"it-IT\"}]}<\/script>\n<!-- \/ Yoast SEO plugin. -->","yoast_head_json":{"title":"Linee Guida e Progetto Educativo -","robots":{"index":"index","follow":"follow","max-snippet":"max-snippet:-1","max-image-preview":"max-image-preview:large","max-video-preview":"max-video-preview:-1"},"canonical":"https:\/\/parrocchiamoltrasio.it\/sito\/?page_id=1207","og_locale":"it_IT","og_type":"article","og_title":"Linee Guida e Progetto Educativo -","og_description":"Il Grest e, pi\u00f9 in generale, tutte le attivit\u00e0 della Parrocchia sono una macchina davvero grande, necessaria di moltissimi ingranaggi perch\u00e9 tutto possa funzionare per il meglio. Per gestire questi ingranaggi servono delle regole ben precise, soprattutto quando si \u00e8 in tanti, soprattutto in un anno come questo! Vi invitiamo,... Leggi tutto","og_url":"https:\/\/parrocchiamoltrasio.it\/sito\/?page_id=1207","article_modified_time":"2021-05-28T09:20:41+00:00","twitter_card":"summary_large_image","twitter_misc":{"Tempo di lettura stimato":"8 minuti"},"schema":{"@context":"https:\/\/schema.org","@graph":[{"@type":"WebPage","@id":"https:\/\/parrocchiamoltrasio.it\/sito\/?page_id=1207","url":"https:\/\/parrocchiamoltrasio.it\/sito\/?page_id=1207","name":"Linee Guida e Progetto Educativo -","isPartOf":{"@id":"https:\/\/parrocchiamoltrasio.it\/sito\/#website"},"datePublished":"2021-05-19T07:45:56+00:00","dateModified":"2021-05-28T09:20:41+00:00","breadcrumb":{"@id":"https:\/\/parrocchiamoltrasio.it\/sito\/?page_id=1207#breadcrumb"},"inLanguage":"it-IT","potentialAction":[{"@type":"ReadAction","target":["https:\/\/parrocchiamoltrasio.it\/sito\/?page_id=1207"]}]},{"@type":"BreadcrumbList","@id":"https:\/\/parrocchiamoltrasio.it\/sito\/?page_id=1207#breadcrumb","itemListElement":[{"@type":"ListItem","position":1,"name":"Home","item":"https:\/\/parrocchiamoltrasio.it\/sito"},{"@type":"ListItem","position":2,"name":"Oratori SST","item":"https:\/\/parrocchiamoltrasio.it\/sito\/?page_id=211"},{"@type":"ListItem","position":3,"name":"Archivio","item":"https:\/\/parrocchiamoltrasio.it\/sito\/?page_id=2266"},{"@type":"ListItem","position":4,"name":"GREST 2021","item":"https:\/\/parrocchiamoltrasio.it\/sito\/?page_id=1220"},{"@type":"ListItem","position":5,"name":"Linee Guida e Progetto Educativo"}]},{"@type":"WebSite","@id":"https:\/\/parrocchiamoltrasio.it\/sito\/#website","url":"https:\/\/parrocchiamoltrasio.it\/sito\/","name":"","description":"","potentialAction":[{"@type":"SearchAction","target":{"@type":"EntryPoint","urlTemplate":"https:\/\/parrocchiamoltrasio.it\/sito\/?s={search_term_string}"},"query-input":{"@type":"PropertyValueSpecification","valueRequired":true,"valueName":"search_term_string"}}],"inLanguage":"it-IT"}]}},"jetpack_sharing_enabled":true,"_links":{"self":[{"href":"https:\/\/parrocchiamoltrasio.it\/sito\/index.php?rest_route=\/wp\/v2\/pages\/1207","targetHints":{"allow":["GET"]}}],"collection":[{"href":"https:\/\/parrocchiamoltrasio.it\/sito\/index.php?rest_route=\/wp\/v2\/pages"}],"about":[{"href":"https:\/\/parrocchiamoltrasio.it\/sito\/index.php?rest_route=\/wp\/v2\/types\/page"}],"author":[{"embeddable":true,"href":"https:\/\/parrocchiamoltrasio.it\/sito\/index.php?rest_route=\/wp\/v2\/users\/1"}],"replies":[{"embeddable":true,"href":"https:\/\/parrocchiamoltrasio.it\/sito\/index.php?rest_route=%2Fwp%2Fv2%2Fcomments&post=1207"}],"version-history":[{"count":30,"href":"https:\/\/parrocchiamoltrasio.it\/sito\/index.php?rest_route=\/wp\/v2\/pages\/1207\/revisions"}],"predecessor-version":[{"id":1440,"href":"https:\/\/parrocchiamoltrasio.it\/sito\/index.php?rest_route=\/wp\/v2\/pages\/1207\/revisions\/1440"}],"up":[{"embeddable":true,"href":"https:\/\/parrocchiamoltrasio.it\/sito\/index.php?rest_route=\/wp\/v2\/pages\/1220"}],"wp:attachment":[{"href":"https:\/\/parrocchiamoltrasio.it\/sito\/index.php?rest_route=%2Fwp%2Fv2%2Fmedia&parent=1207"}],"curies":[{"name":"wp","href":"https:\/\/api.w.org\/{rel}","templated":true}]}}